{"id":74,"date":"2010-12-15T22:36:48","date_gmt":"2010-12-15T21:36:48","guid":{"rendered":"http:\/\/www.heraproductions.ch\/?page_id=74"},"modified":"2021-09-26T13:51:46","modified_gmt":"2021-09-26T11:51:46","slug":"leicht-in-den-himmel","status":"publish","type":"page","link":"https:\/\/www.heraproductions.ch\/?page_id=74","title":{"rendered":"Leicht in den Himmel"},"content":{"rendered":"<div class=\"fusion-fullwidth fullwidth-box fusion-builder-row-1 fusion-flex-container nonhundred-percent-fullwidth non-hundred-percent-height-scrolling\" style=\"--awb-border-radius-top-left:0px;--awb-border-radius-top-right:0px;--awb-border-radius-bottom-right:0px;--awb-border-radius-bottom-left:0px;--awb-flex-wrap:wrap;\" ><div class=\"fusion-builder-row fusion-row fusion-flex-align-items-flex-start fusion-flex-content-wrap\" style=\"max-width:1248px;margin-left: calc(-4% \/ 2 );margin-right: calc(-4% \/ 2 );\"><div class=\"fusion-layout-column fusion_builder_column fusion-builder-column-0 fusion_builder_column_2_3 2_3 fusion-flex-column\" style=\"--awb-bg-size:cover;--awb-width-large:66.666666666667%;--awb-margin-top-large:0px;--awb-spacing-right-large:2.88%;--awb-margin-bottom-large:20px;--awb-spacing-left-large:2.88%;--awb-width-medium:66.666666666667%;--awb-order-medium:0;--awb-spacing-right-medium:2.88%;--awb-spacing-left-medium:2.88%;--awb-width-small:100%;--awb-order-small:0;--awb-spacing-right-small:1.92%;--awb-spacing-left-small:1.92%;\"><div class=\"fusion-column-wrapper fusion-column-has-shadow fusion-flex-justify-content-flex-start fusion-content-layout-column\"><div class=\"fusion-text fusion-text-1\"><h4>Leicht in den Himmel<\/h4>\n<p>Eine Lesung in 4 Akten mit Cornelia Lindner und Rico Lutz<\/p>\n<p>Im Kirchner Museum Davos.<\/p>\n<p>In der szenischen Lesung zeigen die beiden Schauspieler Cornelia Lindner und Rico Lutz eine \u201eprivate\u201c Sophie Taeuber-Arp. Sie lassen die K\u00fcnstlerin \u00fcber sich selber und durch Aussagen Ihrer Zeitgenossen, Freunde und K\u00fcnstlerkollegen sprechen. Sie lassen sie posieren und dozieren, tanzen und singen. Sophie Taeuber-Arp war eine K\u00fcnstlerin, die ihr Leben ihrer Kunst und Hans Arp widmete, ihrem Ehemann und ebenfalls K\u00fcnstler und f\u00fcr den sie \u201edas Sonnenhelle, das Wunder\u201c war. Ihr Tod kam viel zu fr\u00fch. Sie tr\u00e4umte, ja ahnte, dass sie niemals den Winter des Lebens erleben w\u00fcrde.<\/p>\n<\/div><div class=\"fusion-image-carousel fusion-image-carousel-fixed fusion-image-carousel-1 fusion-carousel-border\"><div class=\"awb-carousel awb-swiper awb-swiper-carousel awb-carousel--carousel awb-swiper-dots-position-bottom\" data-layout=\"carousel\" data-autoplay=\"no\" data-autoplayspeed=\"2500\" data-autoplaypause=\"no\" data-columns=\"3\" data-columnsmedium=\"1\" data-columnssmall=\"1\" data-itemmargin=\"0\" data-itemwidth=\"180\" data-touchscroll=\"no\" data-freemode=\"no\" data-imagesize=\"fixed\" data-scrollitems=\"0\" data-centeredslides=\"no\" data-rotationangle=\"50\" data-depth=\"100\" data-speed=\"500\" data-shadow=\"no\" data-pagination=\"bullets\" style=\"--awb-columns:3;--awb-column-spacing:0px;--awb-border-width:1px;--awb-border-color:#e9eaee;\"><div class=\"swiper-wrapper awb-image-carousel-wrapper fusion-flex-align-items-center\"><div class=\"swiper-slide\"><div class=\"fusion-carousel-item-wrapper\"><div class=\"fusion-image-wrapper hover-type-none\"><img decoding=\"async\" width=\"460\" height=\"295\" src=\"https:\/\/www.heraproductions.ch\/wp-content\/uploads\/2021\/09\/2009_Szenische_Lesung_1-460x295.jpg\" class=\"attachment-portfolio-two size-portfolio-two\" alt=\"\" \/><\/div><\/div><\/div><div class=\"swiper-slide\"><div class=\"fusion-carousel-item-wrapper\"><div class=\"fusion-image-wrapper hover-type-none\"><img decoding=\"async\" width=\"460\" height=\"295\" src=\"https:\/\/www.heraproductions.ch\/wp-content\/uploads\/2021\/09\/2009_Szenische_Lesung_2-460x295.jpg\" class=\"attachment-portfolio-two size-portfolio-two\" alt=\"\" \/><\/div><\/div><\/div><div class=\"swiper-slide\"><div class=\"fusion-carousel-item-wrapper\"><div class=\"fusion-image-wrapper hover-type-none\"><img decoding=\"async\" width=\"460\" height=\"295\" src=\"https:\/\/www.heraproductions.ch\/wp-content\/uploads\/2021\/09\/2009_Szenische_Lesung_3-460x295.jpg\" class=\"attachment-portfolio-two size-portfolio-two\" alt=\"\" \/><\/div><\/div><\/div><\/div><div class=\"awb-swiper-button awb-swiper-button-prev\"><i class=\"awb-icon-angle-left\" aria-hidden=\"true\"><\/i><\/div><div class=\"awb-swiper-button awb-swiper-button-next\"><i class=\"awb-icon-angle-right\" aria-hidden=\"true\"><\/i><\/div><\/div><\/div><div class=\"fusion-text fusion-text-2\"><p>Sie, die nichts von oder \u00fcber sich an die grosse Glocke h\u00e4ngte, die wenig in der \u00d6ffentlichkeit sprach, die wusste, was sie wollte und was sie konnte, lieber Quadrate als Bl\u00fcmchenkranzsticken mochte, die ihren Komiltonen in Sachen Kleidung Ratschl\u00e4ge gab, die auf dem Monte V\u00e9rita nach dem Stil Rudolf Labans tanzte und &#8230; die ihrer Zeit mit Geradlinigkeit und Eleganz ein grosses St\u00fcck voraus war. Eine K\u00fcnstlerin, die alle in ihren Bann zog &#8230; mit ihren Bildern und ihrem Lachen.<\/p>\n<\/div><div class=\"fusion-text fusion-text-3\"><h4>Meinungen<\/h4>\n<blockquote>\n<p><em>Das Kirchner Museum Davos hatte sich von heraproductions eine Lesung zur Ausstellung \u201eBewegung und Gleichgewicht. Sophie Taeuber-Arp 1889-1943\u201c gew\u00fcnscht. Die Veranstaltung sollte den Geist dieser aussergew\u00f6hnlichen K\u00fcnstlerin in sich fassen, ihre Leichtigkeit und Ernsthaftigkeit und die F\u00e4higkeit, in ihren Werken unterschiedliche Medien zu vereinen. Wir wurden nicht entt\u00e4uscht. In nur kurzer Zeit entstand eine inspirierte, ber\u00fchrende Collage aus Literatur, Musik und Tanz, die allen Zuschauern die Vergangenheit lebendig werden und ganz Gegenwart sein liess. Chapeau!<br \/>\n<strong>Karin Schick, Direktorin Kirchner Museum Davos<\/strong><\/em><\/p>\n<\/blockquote>\n<blockquote>\n<p><em>Kurzweilig und ber\u00fchrend lebendig, eine Inszenierung, welche seinesgleichen sucht! Hervorragend vorgetragen und biographische Authentik verleihen und sp\u00fcren lassen .. Diese Eigenschaften des K\u00fcnstlerduos Lindner\/Lutz sind un\u00fcbertreffbar und intensiv!!<br \/>\n<strong>Regula Affolter-Arni, Galeristin Artquiltgallery Nidau, MTR HF<\/strong><\/em><\/p>\n<\/blockquote>\n<blockquote>\n<p><em>Es war super sch\u00f6n, sehr professionell gemacht. Kompliment.<br \/>\n<strong>Irene Weber, Davos<\/strong><\/em><\/p>\n<\/blockquote>\n<h4>Medien<\/h4>\n<ul>\n<li><b><a href=\"http:\/\/www.heraproductions.ch\/wp-content\/uploads\/03_lesungen\/2009_ArtikelDavoserZeitung.pdf\">Artikel Davoser Zeitung<\/a><\/b><\/li>\n<li><b><a href=\"http:\/\/www.heraproductions.ch\/wp-content\/uploads\/03_lesungen\/2009_ArtikelDavoserZeitungHinweis.pdf\">Hinweis in der Davoser Zeitung<\/a><\/b><\/li>\n<\/ul>\n<\/div><\/div><\/div><div class=\"fusion-layout-column fusion_builder_column fusion-builder-column-1 fusion_builder_column_1_3 1_3 fusion-flex-column\" style=\"--awb-bg-size:cover;--awb-width-large:33.333333333333%;--awb-margin-top-large:0px;--awb-spacing-right-large:5.76%;--awb-margin-bottom-large:20px;--awb-spacing-left-large:5.76%;--awb-width-medium:33.333333333333%;--awb-order-medium:0;--awb-spacing-right-medium:5.76%;--awb-spacing-left-medium:5.76%;--awb-width-small:100%;--awb-order-small:0;--awb-spacing-right-small:1.92%;--awb-spacing-left-small:1.92%;\"><div class=\"fusion-column-wrapper fusion-column-has-shadow fusion-flex-justify-content-flex-start fusion-content-layout-column\"><div class=\"fusion-reading-box-container reading-box-container-1\" style=\"--awb-title-color:#000000;--awb-margin-top:80px;--awb-margin-bottom:20px;\"><div class=\"reading-box\" style=\"background-color:#f9f9fb;border-width:1px;border-color:rgba(226,226,226,0);border-left-width:3px;border-left-color:var(--primary_color);border-style:solid;\"><h2>\"... Ich sah Sophie Taeuber als schwebenden Vogel ... die mit sich den Himmel emporhebt, wenn sie hinansteigt. Die unsagbare Weichheit ihrer Bewegungen liess vergessen, dass ihre F\u00fcsse noch den Boden ber\u00fchrten.\"<\/h2><div class=\"reading-box-description fusion-reading-box-additional\">Hugo Ball<\/div><div class=\"fusion-clearfix\"><\/div><\/div><\/div><\/div><\/div><\/div><\/div>\n","protected":false},"excerpt":{"rendered":"","protected":false},"author":6,"featured_media":0,"parent":12,"menu_order":1,"comment_status":"closed","ping_status":"closed","template":"","meta":{"footnotes":""},"class_list":["post-74","page","type-page","status-publish","hentry"],"_links":{"self":[{"href":"https:\/\/www.heraproductions.ch\/index.php?rest_route=\/wp\/v2\/pages\/74","targetHints":{"allow":["GET"]}}],"collection":[{"href":"https:\/\/www.heraproductions.ch\/index.php?rest_route=\/wp\/v2\/pages"}],"about":[{"href":"https:\/\/www.heraproductions.ch\/index.php?rest_route=\/wp\/v2\/types\/page"}],"author":[{"embeddable":true,"href":"https:\/\/www.heraproductions.ch\/index.php?rest_route=\/wp\/v2\/users\/6"}],"replies":[{"embeddable":true,"href":"https:\/\/www.heraproductions.ch\/index.php?rest_route=%2Fwp%2Fv2%2Fcomments&post=74"}],"version-history":[{"count":45,"href":"https:\/\/www.heraproductions.ch\/index.php?rest_route=\/wp\/v2\/pages\/74\/revisions"}],"predecessor-version":[{"id":693,"href":"https:\/\/www.heraproductions.ch\/index.php?rest_route=\/wp\/v2\/pages\/74\/revisions\/693"}],"up":[{"embeddable":true,"href":"https:\/\/www.heraproductions.ch\/index.php?rest_route=\/wp\/v2\/pages\/12"}],"wp:attachment":[{"href":"https:\/\/www.heraproductions.ch\/index.php?rest_route=%2Fwp%2Fv2%2Fmedia&parent=74"}],"curies":[{"name":"wp","href":"https:\/\/api.w.org\/{rel}","templated":true}]}}